ose -n + 34 = -2*n. Let c = 76 + n. Is 14 a factor of c?
True
Let d = -11 + 59. Let f = d + -27. Is 17 a factor of f?
False
Suppose 2*z - 35 = 27. Is z a multiple of 13?
False
Let s(d) = d**3 + 7*d**2 + 4*d + 6. Let y be s(-4). Let t = y + -24. Does 14 divide t?
True
Let q(g) = -g**3 + g**2 + 3. Let u be q(0). Suppose 27 = h - 0*t - 3*t, -2*h = u*t - 9. Does 6 divide h?
True
Let h(m) = m - 9*m + 0 + 3. Let l(z) = -z**2 - 11*z - 13. Let a be l(-10). Does 12 divide h(a)?
False
Suppose 2 = 5*t - 4*p, -2*t + 11 - 3 = 2*p. Is t/6 + 222/9 a multiple of 11?
False
Suppose 5*g - 29 = 46. Is g a multiple of 15?
True
Suppose 0 = 5*r + i + 24, -4*r - 6*i - 16 = -2*i. Let m(s) = s**3 + 6*s**2 - s + 3. Is m(r) a multiple of 16?
False
Suppose -f + 13 = -k, 4*k + k + 9 = -2*f. Is 4 a factor of f?
True
Suppose 0 = -p - 4*d - 43, -4*p - 172 = -0*d - d. Let b = -73 - p. Is 12 a factor of b*(8/(-10) + 0)?
True
Suppose -16 + 40 = i. Is 8 a factor of i?
True
Suppose -m = 4*s + 2*m + 196, 0 = -5*s - m - 245. Let g = s - -73. Suppose 0 = 5*n - 3*v - 97, -4*v + g = -0*n + n. Is 10 a factor of n?
True
Suppose x - 83 = 35. Suppose -3*h = -2*r + x, -3*r + 5*h + 295 = 2*r. Does 15 divide r?
False
Let g(w) = 3*w**3 - 2*w**2 - w - 1. Suppose 2*m - 2 = 2. Is g(m) a multiple of 13?
True
Let w = -13 + 6. Let s be (-1113)/(-27) + (-8)/36. Let j = w + s. Is j a multiple of 17?
True
Let y(i) = i + 72. Is 11 a factor of y(-6)?
True
Let p(k) = -2*k + 10. Let j(z) = 1. Let c(t) = 4*j(t) - p(t). Is c(6) a multiple of 5?
False
Is 26 - (-3 - -2 - 0) a multiple of 9?
True
Let z be (0 + 4)*27/(-4). Let s = z + 45. Does 6 divide s?
True
Let d = 37 - 26. Is 11 a factor of d?
True
Let s(r) = 3*r - 7. Let v be s(7). Let h = -11 - -8. Let q = h + v. Is 5 a factor of q?
False
Suppose 0 = 3*d + r - 348, -4*d + 127 = -3*d + 4*r. Is 7 a factor of d?
False
Let m = 2 - -3. Suppose d - 33 - m = 0. Let u = d + -24. Does 14 divide u?
True
Suppose 205 = -5*t + 735. Is t a multiple of 5?
False
Suppose -2*k - 17 = -5*t - 1, -4*k = t + 10. Let s(b) = 16*b. Is s(t) a multiple of 16?
True
Let w = 7 - 0. Let g = 29 - w. Does 6 divide g?
False
Let w(h) = -h**3 - 2*h**2 - 3*h - 2. Suppose 3*u + 5*y + 4 = 5*u, -y = 2. Does 5 divide w(u)?
False
Let x = -3 - 5. Let t be (1/1)/(x/(-1136)). Suppose 9*n + c = 4*n + t, -2*n - 5*c = -66. Does 14 divide n?
True
Suppose 2*x = 4*l - 148, 4*l - x = -2*x + 154. Suppose 5*k = 4*j - 6 + l, 5*k - 2*j = 26. Suppose k*f + 0*f = 88. Is f a multiple of 11?
True
Suppose -s = -3 - 3. Let y(g) = -g + 9. Let x be y(s). Is 8 a factor of (-3 - 25/(-3))*x?
True
Suppose 4*w = 5*h + 2 - 7, 3*w = -4*h - 27. Let c be (-4)/w*(-10)/(-4). Suppose 5*j - c*p = 67, j + 3*p = -2*j + 36. Is 6 a factor of j?
False
Suppose -5*d + 67 = -4*d - 2*f, 5*d - f - 344 = 0. Is 19 a factor of d?
False
Does 4 divide 2*9 + 7 + -5?
True
Let g = -43 + 71. Is 5 a factor of g?
False
Let p be 0/(12/3) + 2. Suppose -4*u = -2*i - 240, -4*i = -p*u + 6*u - 228. Is u a multiple of 13?
False
Let y(c) = c**2 - 10*c + 8. Let p be y(9). Suppose -q + 2 + 2 = 0, 0 = -2*s + q - 6. Is (0/p - s) + 15 a multiple of 6?
False
Suppose 2*z = -2*u + 4, 3*u + 2*u + 3*z = 16. Suppose 5*n + u*y = 35, -1 = -0*n + n + 5*y. Is n a multiple of 5?
False
Suppose -y = -3*y + 8. Suppose y*t = -2*b + 3*b + 27, 5*b + 40 = t. Is -15*b*(-3)/(-9) a multiple of 13?
False
Let q(h) = -h**2 + 14*h + 11. Does 20 divide q(11)?
False
Let b = 4 + -23. Let s be 3 - -1*(-2 - 11). Let m = s - b. Does 9 divide m?
True
Let n(r) = r + 22. Let u be n(-21). Let f(x) be the third derivative of 2*x**6/15 - x**5/30 + x**4/12 - x**3/6 + x**2. Is f(u) a multiple of 9?
False
Let d = 116 + -44. Is 24 a factor of d?
True
Let q = 1 - 14. Let f = 53 + q. Is f a multiple of 11?
False
Let b(f) = 7*f**2 + 3*f**2 + 5*f + 1 - 5*f. Let v be b(-1). Let x(m) = m + 4. Is x(v) a multiple of 15?
True
Suppose j - 2 - 1 = 0, 0 = 3*f + 3*j - 519. Is f a multiple of 31?
False
Is 5 a factor of (-4)/(-6) + 2 + (-328)/(-12)?
True
Let k = 6 - 4. Let x be 232/(0 + k) + 0. Suppose -z = -3*w + 92, 0*z - x = -4*w - 2*z. Is w a multiple of 15?
True
Let q(t) = t**3 - t - t**3 - 1 - t**3. Let z(u) = 3*u**3 - 8*u**2 - 2*u - 2. Let h(f) = -4*q(f) - z(f). Is h(-7) a multiple of 13?
True
Suppose 10 = -2*t, z - 710 = -4*z - 5*t. Suppose -15 = 5*x, 0 = 7*l - 2*l + x - z. Let c = l - -2. Is 10 a factor of c?
False
Let c(h) = -5*h**3 + h**2 + 2*h + 1. Let p be c(-1). Let u = p - -2. Is u a multiple of 6?
False
Let q = 95 + -59. Let k(x) = 7*x - 8. Let o be k(-6). Does 5 divide o/15*q/(-10)?
False
Let g be ((-48)/(-9))/4*3. Suppose -5*s = -5*m + 20, m - g*s - 1 - 6 = 0. Suppose -4*q - 24 = -3*a - 2, -m*q - 33 = -5*a. Is a a multiple of 3?
True
Is 27 a factor of ((-256)/(-12))/(32/30 + -1)?
False
Suppose 0 = -5*w - 5*x + 345, 3*w - 177 = x + 10. Suppose 50 = q - 4*s, s - w = -3*q + 21. Is 15 a factor of q?
True
Let y be 2*(123/(-2))/(-1). Suppose 3*z - 71 = -4*b, -5*z + y = 3*b - b. Is 25 a factor of z?
True
Let t(g) = -g**3 + 4*g**2 + 5*g + 4. Let m be t(5). Suppose 0 = -m*b - 4, -8*b + 4*b + 284 = 4*i. Suppose -4*h = -24 - i. Does 15 divide h?
False
Is (-7 + 10)/(3/147) a multiple of 15?
False
Let f be (273/(-14))/((-1)/2). Let h = f - -37. Does 20 divide h?
False
Suppose -3*i = -3*b - 12, -5*b + 16 = i - 3*b. Is 4 a factor of i?
True
Let y(m) = -3*m - 10. Let w be y(-6). Let s = 27 - w. Is 5 a factor of s?
False
Suppose -322 = -2*y - 2*o, -5*y + 157 = 4*o - 644. Does 12 divide y?
False
Let g(p) = -18*p + 23. Does 8 divide g(-7)?
False
Let g be 2*1 - (14 + -6). Let p(i) = i**2 + 5*i - 2. Let t be p(g). Suppose 3*q - 3 = -2*z, -q - 4 = t*z + 5. Is q a multiple of 3?
True
Let p be (-4)/(12/5)*-3. Suppose s = -3*b - 3*s - 45, -2*s = -p*b - 75. Does 20 divide 404/10 + 6/b?
True
Let j(w) = -w**3 - 4*w**2 - w - 6. Let y(g) = 3*g**3 + 2*g - 2*g**3 + 5 - g + 3*g**2. Let k(b) = 2*j(b) + 3*y(b). Is k(0) a multiple of 3?
True
Let h(s) = 2*s**2. Let n be h(2). Suppose 3*i - n*i + 450 = 0. Suppose 0*j = -2*j + i. Is 20 a factor of j?
False
Suppose 18 = -5*j - 17. Let t(w) = 10*w - 3. Let m(l) = 11*l - 3. Let x(i) = j*m(i) + 6*t(i). Does 18 divide x(-3)?
True
Suppose 0 = -4*f + 3*m, -2*m = -3*f + 4*f. Let k be f/(-2) - (-5 - -5). Suppose 18 = 2*u - k*u. Is u a multiple of 8?
False
Let p be 4/(-20) + 782/10. Suppose -x - 4*j + 57 = 0, -j = -x - x + p. Is x a multiple of 18?
False
Suppose -4*y + 3*y = -56. Is 15 a factor of 63/6*y/12?
False
Suppose 8 = -2*m - m - 4*a, -6 = 4*m + 3*a. Let k be -3 + m/2 - -6. Let s(t) = 3*t + 2. Does 11 divide s(k)?
True
Let c be 2/3 - (-4)/3. Let n(x) = 15*x**c + 10*x**2 + 6*x**2 - 1. Is 15 a factor of n(1)?
True
Suppose -4*o - 2 = -2*t - o, -3*t + 2 = -4*o. Is 31 a factor of 2 - (-1)/(t/(-78))?
False
Let i(r) = -2*r**3 - 7*r**2 + r - 2. Is i(-5) a multiple of 13?
False
Is 4 a factor of (-1089)/(-45) - 1/5?
True
Suppose 3*d = 2*d. Suppose d*i - 100 = -2*i. Does 18 divide i?
False
Let w be (-4)/(-10) + 76/10. Suppose -6*y + 4*t = -3*y + 8, 3*y - w = -4*t. Suppose -3*n + 0*j - j + 33 = y, -j + 53 = 5*n. Is 10 a factor of n?
True
Suppose 5*j = 3*u + 2*j - 69, 0 = 3*u + 2*j - 79. Does 5 divide u?
True
Does 37 divide 2/(-12) + -1 + (-2474)/(-12)?
False
Let a = 9 + -6. Let l(c) be the second derivative of c**3/3 - c**2/2 + 2*c. Is l(a) a multiple of 2?
False
Let i = -11 - -16. Is i a multiple of 4?
False
Suppose -2*h + h - 2*o = 2, -5*o - 20 = -5*h. Is 18 a factor of h + (2 - -3)*10?
False
Suppose -3*m + 5 = 2*h - 24, -27 = -5*m + 2*h. Is 7 a factor of m?
True
Let z be 10/(-55) + (-2)/(-11). Suppose z*x - 15 = -5*x. Is x a multiple of 2?
False
Suppose 4*a + a - 4*x = 1705, 682 = 2*a - 2*x. Is 15 a factor of a?
False
Suppose -10*a + 1834 = -1046. Is a a multiple of 9?
True
Let l(j) = 50*j**2 + 1. Is 17 a factor of l(1)?
True
Suppose 0 = -4*m + 1 + 11. Is 6 a factor of (5/m)/(-5)*-27?
False
Let o(q) = 7*q - 48. Is 27 a factor of o(14)?
False
Let h(l) = 4*l**3 - 3*l**2 + 2*l + 3. Let q be h(3). Suppose -4*u + u = -q. Is 15 a factor of u?
True
Let y(g) = -g**2 - 7*g + 10. Let n be y(-8). Let f(a) = 39*a - 2. Let b be f(n). Suppose -2*v + 7*v + 3*x - b = 0, -5*v + 68 = -x. Is 7 a factor of v?
True
Suppose -r = -2*r + 6. Let w = 3 + 0. Let q = r - w. Does 3 divide q?
True
Let g(z) = 6*z**2. Suppose -1